)?
1
-3 + (-3 - -2) - -3
-1
Calculate 4 + -7 + 2 + 5 + 3.
7
Evaluate -3 - -4 - -3 - 7.
-3
What is the value of 2 + (3 + -4 - -2) - 6?
-3
(-1 - (2 - 0)) + 1
-2
What is the value of (-4 - (2 + -5)) + (4 - 2)?
1
What is the value of 2 + (-3 - 0) - (1 - -1)?
-3
What is the value of 11 - (-5 - -13) - -4 - 16?
-9
5 + (-7 - (3 - 10))
5
What is 1 - 2 - (1 - (1 + -1))?
-2
0 + -5 + 3 + -8 + 5
-5
Calculate 4 + (-4 - 2) + 2.
0
Calculate (-10 - (-1 - 6)) + 1 + -2.
-4
What is (22 - 21) + -2 + (-2 - 5)?
-8
What is 9 + -3 + -11 + 15 + -9?
1
4 + -2 + -2 + 6 + -6
0
Evaluate (-4 - 1) + (14 - -1) + -13.
-3
What is the value of 0 - -1 - (-1 + (2 - -4))?
-4
What is the value of 6 + -15 - -18 - 2?
7
What is -2 + (1 - (2 - 0)) + 3?
0
What is 0 - -2 - (1 + (3 - 1))?
-1
What is the value of 11 + -11 - (-4 - (-3 - -2))?
3
Calculate -4 - (3 + 1 - (-21 + 27)).
-2
Evaluate 1 + -4 - (2 + -8 + 11).
-8
Evaluate -6 + (12 + -9 - -8).
5
What is 7 + -5 + 2 + (-9 - 0)?
-5
Evaluate -5 + 6 + 8 + -5.
4
Calculate (7 + -1 - (-7 + 13)) + -9.
-9
Calculate 6 + (-8 - -4) - 3.
-1
Evaluate 1 + (-8 - -5) - -4.
2
What is the value of (-18 - -19) + -2 + 2?
1
What is 25 + -19 - (1 + 0) - 1?
4
What is the value of 6 + 2 - (-2 - -10)?
0
What is the value of 2 - -1 - (5 + -7)?
5
What is the value of -1 + 4 + -4 + -6?
-7
Calculate -6 - -4 - (11 - (16 + -8)).
-5
Evaluate 4 + -2 + (1 - -1) + -9.
-5
3 - (12 + -2 - 2)
-5
Evaluate -3 + (8 - 6 - (-7 - -1)).
5
What is -2 + 0 + -1 + 1?
-2
What is 1 + 5 + -13 + (1 - -2)?
-4
What is (-14 - (-13 + -7)) + -6?
0
What is (0 - 5) + (-4 - (-3 + -4))?
-2
Calculate (-12 + 5 - -2) + 9 - 5.
-1
What is the value of 1 + 4 - ((-13 - -5) + 4)?
9
-4 + 3 - (-2 + 3)
-2
2 - -1 - (-9 + 9 - -7)
-4
Evaluate -7 + -1 + 6 - -8.
6
Calculate (-8 - (-5 - -3)) + -1 + 3.
-4
-13 + (0 - -11) + 1
-1
What is the value of 2 + 3 - 8 - (-6 + 3)?
0
0 + (5 - (8 - 2))
-1
What is 9 + -3 + (-1 - 5)?
0
What is (-9 - (-1 + -6)) + 4?
2
What is the value of -6 - (2 - (3 + (1 - 1)))?
-5
Calculate 1 - ((2 - -3) + -4).
0
Evaluate -7 - (2 + (-4 - 2)).
-3
Evaluate -8 - (4 + -1 - 9).
-2
Calculate (1 - -5) + -21 + 21.
6
What is the value of -7 + 0 - (-10 + 3)?
0
Calculate -3 - -2 - (-1 - -4).
-4
What is 9 - 4 - -8 - (6 - 0)?
7
2 - (3 + 3 - (1 + 0))
-3
Evaluate 2 + (2 + 2 - 7).
-1
What is the value of (-7 - 0 - -6) + -1?
-2
What is the value of 3 - ((-3 - 1) + 2 - -2)?
3
Evaluate (14 - 13) + (-1 - (3 - 1)).
-2
Calculate -1 + 2 + (0 - (-3 - 0)).
4
Calculate 4 + (2 - -4) - 2 - 2.
6
(-6 - -1) + 1 + (-47 - -49)
-2
What is (8 - 7) + (-1 - -4)?
4
What is 4 + (7 - 8) - 8?
-5
What is -21 - 9 - -17 - (-3 + 1)?
-11
Calculate 1 - (0 + (-2 - 0)).
3
Evaluate (9 - 8) + -3 + -6.
-8
Calculate -5 - (1 + -11 + (-24 - -25)).
4
Calculate (9 - 29) + 10 + 2.
-8
Evaluate 0 + (-2 - (-3 - 1)) + 0.
2
Evaluate 1 + -2 + (-6 - 1) + 4.
-4
What is 8 + -13 + (9 - 1) - 0?
3
Evaluate -3 + 4 + 2 + -3 - -3.
3
Evaluate -14 + 8 + 6 + 3.
3
What is (12 - 7) + (-2 - -2)?
5
Calculate 1 + 0 - (2 + 0 + 1).
-2
Calculate (-1 - 0) + (1 - 0) - -3.
3
Calculate (-6 - (7 - 13)) + (1 - -4).
5
Evaluate 0 + (2 - 5) + 2.
-1
Evaluate (1 - 13) + 68 + -59.
-3
17 - (0 + (1 - -10))
6
What is the value of -4 + 3 - (1 + -2)?
0
Evaluate (-1 - 1) + 0 + -1.
-3
What is the value of -6 - (9 + -3) - -12?
0
What is -10 + (3 - 0) + 3?
-4
What is (2 - (9 - 2)) + -3 + 2?
-6
(5 - (-4 - -6)) + -1
2
What is (-1 + 3 - 1) + -1 + -2?
-2
Evaluate -8 - (-12 + 2 - -3).
-1
Calculate -3 - (-6 - 5 - -5) - 1.
2
Evaluate -3 + -4 + 8 + -6.
-5
8 + -16 + 3 + (-3 - 1)
-9
What is -3 + (-2 + 0 - -1 - 1)?
-5
Calculate (0 - 3) + (6 - (10 + -3)).
-4
0 + 1 + (-14 - (10 + -24))
1
-4 + -2 - (1 + -5)
-2
7 + 4 + 2 + -18 + 8
3
What is -68 + 67 + -4 + 2?
-3
Calculate 1 + 5 - (-22 + (19 - 0)).
9
Calculate -5 + 8 + (2 - 2) + -2.
1
What is the value of -3 + (5 - 10 - -7)?
-1
What is 2 + 3 + (-11 + 1 - -3)?
-2
Evaluate 20 - (6 - 0) - 8.
6
What is 1 - (-8 - -5) - (1 + 0)?
3
Evaluate (0 - 4 - -7) + -4.
-1
Evaluate -10 - (0 - 7) - (1 - 9).
5
Calculate 2 + (-4 - 6) + 8 + -3.
-3
What is the value of 7 + (-1 - -2) - (14 + -5)?
-1
Calculate -11 + -5 - (8 - 18).
-6
Evaluate -7 + (-6 - -7 - 1 - -3).
-4
1 + 0 + 2 + 3 + -3
3
-9 + 6 + 7 + -5
-1
(6 - -8) + (6 - 16)
4
Evaluate (10 - 3) + (-11 - 3).
-7
What is -7 - (0 + -2) - -1 - -2?
-2
What is the value of (-11 - (-9 + -4)) + -10?
-8
Calculate (3 - (-5 - -2) - 3) + -1.
2
Calculate 3 - 1 - (-29 - -34).
-3
What is 2 + 1 + (-26 - -28) - 0?
5
What is the value of (1 - 5) + 1 + (-40 - -41)?
-2
Evaluate 2 + (-2 - (1 - (-3 - -3))).
-1
What is (1 - 4) + -4 + 8?
1
What is the value of (21 - 17) + (-1 - 6)?
-3
Calculate (-10 - -7) + 5 + 2 + 0.
4
Calculate (-4 - -1 - -11) + -3.
5
Calculate 1 - -2 - (51 - 48).
0
-5 - (6 - (-2 - 3 - -14))
-2
What is -1 - -4 - 2 - (27 + -30)?
4
What is -8 - (14 - 12 - 15)?
5
Evaluate -3 + (2 - 3 - -4 - 1).
-1
What is the value of 0 + (1 - -4) - (-2 + 3)?
4
5 - (3 - (1 + 0))
3
What is the value of (-15 - -10) + 5 + 2 + -1?
1
Evaluate -6 + -6 + 19 + -6 - -2.
3
Evaluate 11 + -5 - (-1 - -2).
5
-4 + (4 - 1) + -3 + 4
0
Calculate 1 - (1 + 1 + (5 - 10)).
4
-11 + 15 - 13 - -18
9
Evaluate 1 + -13 - (-7 - -1).
-6
Evaluate 0 - -2 - (-3 - 0).
5
Evaluate 1 + -2 - (-5 + 1 - 0).
3
5 - ((15 - 7 - 11) + -1)
9
Evaluate -3 - -2 - -2 - 2.
-1
What is the value of 3 + (-7 - (6 + -11))?
1
0 - (5 + (-2 - 6))
3
What is the value of 0 - ((-4 - -5 - -2) + -4)?
1
What is (-4 - -1) + 2 + (-2 - -2)?
-1
Evaluate -7 - ((12 - 10) + 1).
-10
Calculate (7 - 3) + 1 - (-1 + 13).
-7
Calculate -5 - (-4 - (4 - 6)).
-3
-4 - (-4 + (-3 - -7))
-4
-2 + (5 - (1 - -4 - 5))
3
Evaluate (4 - (6 + -6)) + 0 + -5.
-1
What is the value of -1 - 2 - (7 - (15 - 2))?
3
-9 + -1 + 5 + -2 + 5
-2
Evaluate -6 + (-4 - -3) + 2.
-5
What is -7 + 9 - 5 - -4?
1
Evaluate -1 - (11 - ((1 - 6) + 10)).
-7
What is the value of 3 + 0 + (-7 + 2 - -5)?
3
Evaluate 0 + -1 - (11 - 10).
-2
1 - ((1 - -2) + -9 + 4)
3
-3 + (7 - 2) + 1 + -7
-4
What is the value of -2 - (3 - 4 - 2) - -2?
3
Evaluate (2 - 0) + -6 + -2 + 5.
-1
Evaluate 4 - ((1 - 3) + 38 + -35).
3
What is (1 - -6) + (1 + -2 - 2)?
4
Calculate 6 - (5 - (1 - 0)).
2
What is the value of -5 + -4 + (0 - -6)?
-3
Calculate -2 - -1 - (1 + 5 + -3).
-4
What is 6 + (2 - 0) + -6?
2
Evaluate 3 + -3 + 6 + -4.
2
What is -11 - (-2 + 0) - (-3 - 1)?
-5
2 - -5 - 4 - (-1 + 6)
-2
Evaluate 0 + -6 - (-5 - 4).
3
Evaluate 9 + (0 - -1 - 5).
5
Calculate 0 + 8 + (1 - 1) + -4.
4
Evaluate 89 + -94 - (-9 + 0).
4
-1 - (6 + 1 + -13)
5
What is 1 + 0 - (30 + -26)?
-3
What is (0 - 2) + 13 + 4 + -10?
5
Evaluate (-1 - 9 - (-9 + 7)) + 4.
-4
What is the value of (1 - (-6 - -3)) + -5?
-1
What is the value of 11 + -10 - (9 + (1 - 5))?
-4
What is the value of 7 - 0 - 15 - -6?
-2
What is -5 + (-3 - (1 - 4) - -2)?
-3
Calculate 11 + (-24 - -2) - -14.
3
What is the value of -15 + (23 - 11) + -3?
-6
What is the value of -7 + 0 + 2 + 3 + -2?
-4
What is 1 - -13 - (33 - 23)?
4
What is 8 + -4 + -14 - (-5 - -1)?
-6
Calculate 6 + (-2 - -1) + -8.
-3
(16 + -31 - -21) + -1 + 3
8
What is the value of 1 + -2 - (7 + -3 - 5)?
0
What is (0 - -1) + 10 + -5 + -5?
1
Calculate 1 - -1 - 3 - (11 - 8).
-4
Calculate (-5 - -2) + 5 + (1 - 4).
-1
13 - 20 - (1 - 11)
3
Calculate -2 - (2 - (-3 - -5) - -2).
-4
Calculate -2 - -1 - (-15 - -16).
-2
Evaluate -9 + 17 + -5 - 7.
-4
2 + -4 - 6 - -1 - -4
-3
What is 8 - (-8 + 15 + 7)?
-6
Evaluate -3 - (-18 - (-16 + 8)).
7
Calculate -8 + (-27 + 37 - (9 - 1)).
-6
(3 - (-6 + 4)) + (2 - 1)
6
Calculate 0 + -6 + 2 + -1 + 1.
-4
Calculate (4 + 0 - 4) + 4.
4
Evaluate 1 - 2 - (-1 + 4 + -1).
-3
Evaluate 6 - 2 - 10 - -11.
5
-14 + (-4 - (-4 - 7))
-7
What is the value of 0 - (9 - 26) - 8?
9
Evaluate -10 + (19 - (12 + -4)).
1
Calculate 1 - ((-6 - -3) + 2).
2
What is the value of 3 - ((-2 - -4) + 1)?
0
Evaluate 5 + 1 + (-3 - -4) + -4.
3
Evaluate -10 + 2 - (-1 + -1).
-6
Calculate (-1 + 4 - 1) + -3.
-1
Calculate 12 + (-10 - -4) + -6.
0
(26 - 14) + -8 - (1 + 1)
2
Evaluate -2 + 0 - (3 + -1 - 0).
-4
2 - (-1 + (-3 - -9) + -1)
-2
What is 13 - (-10 - (4 - 17))?
10
2 + -2 - 1 - (-59 + 56)
2
-9 + (3 - (0 - 5))
-1
Calculate -17 + -4 + 5 + 10.
-6
Evaluate 5 - (-2 + (2 - 4) + 4).
5
Evaluate -1 + (-6 - (5 - 10)).
-2
What is the value of -3 + (2 - (1 + 2 + -9))?
5
Evaluate -1 - 0 - (-4 - -1) - -1.
3
What is the value of (8 - (-12 + 3)) + -12?
5